 of y?
8
What is the tens digit of (-26 + 0)/(210/(-205) + 1)?
6
Let g(w) = -4*w**3 - 14*w**2 + 6. Suppose 0 = -4*s - 24 + 8. What is the tens digit of g(s)?
3
Let d(m) = -1 + 5*m**2 + 5 - m**3 + 2*m**2 - 12*m**2. Let z be d(-5). Suppose -z*x + 156 = r + 3*r, r - 82 = -2*x. What is the tens digit of x?
4
Suppose -27*d + 1206 = -9*d. What is the units digit of d?
7
What is the units digit of 6*681 - (8 - 132/12)?
9
Suppose -r - 3*r + 8 = 0. Let d be 13/6 - (-4)/(-24). Suppose 5*s - 3*z + 2*z - 47 = 0, 0 = -r*s + d*z + 22. What is the units digit of s?
9
Let m be -2*(-1005)/10 + -3. Let z = -3 + m. What is the hundreds digit of z?
1
Suppose 4 = 3*q - 5. Suppose 2*p - 29 - q = 0. Suppose -2*w + 4*j + 52 = -p, -5*w + 2*j = -130. What is the units digit of w?
4
Suppose -3*w - 20 = -4*p, 2*p - w + 4 = -3*w. Suppose 0 = -4*m - 4*b + 400, -6 = -p*b + 4*b. What is the tens digit of m?
0
Let q = -113 - -460. What is the units digit of q?
7
Let o(i) = 4*i**3 + 18*i**2 + 3*i + 3. Let x(k) = 5*k**3 + 19*k**2 + 2*k + 3. Let s(p) = -4*o(p) + 3*x(p). What is the units digit of s(-15)?
7
Suppose -72 + 16 = -8*f. Suppose -f*z + 8*z - 754 = -5*k, -3*k + 458 = 2*z. What is the hundreds digit of k?
1
Let o = -7198 + 10219. What is the thousands digit of o?
3
Let l(s) = 231*s + 84. What is the hundreds digit of l(6)?
4
What is the tens digit of ((-5)/(-10)*-53)/((-1)/14)?
7
Let v = 1106 + 264. What is the thousands digit of v?
1
Let i = 7 + -11. Let u = i - 16. Let b = u - -49. What is the tens digit of b?
2
Let y(j) = -j + 22. Let p be y(19). Suppose -2*b = -p*r + 158, 2*b + 3*b = 10. What is the tens digit of r?
5
Let p = -339 - 182. Let d = p + 817. What is the units digit of d?
6
Let v = 541 + 20. What is the hundreds digit of v?
5
Suppose 10*h = 99 + 11711. What is the thousands digit of h?
1
Let m(c) = 9*c + 374. What is the units digit of m(22)?
2
Let l(h) = h**3 - 11*h**2 + 5*h - 3. Let p be l(10). Let k = 156 + p. What is the hundreds digit of k?
1
Suppose 8730 = 166*d - 160*d. What is the hundreds digit of d?
4
What is the tens digit of ((-17 - -22)*(-482)/(-5))/1?
8
Let c(m) = m**3 - 9*m**2 + 6*m + 2. Let j be c(-5). Let v = j - -568. What is the units digit of v?
0
Suppose 2*n = -4*t + 816, -3*t - 926 = -4*n + 684. What is the units digit of n?
4
What is the tens digit of ((-760)/(-100))/(2/35)?
3
Let u = 55 - 96. What is the units digit of (u - -5)*2/(-6)?
2
Suppose 5*g - 15 = 0, -c = 5*g - 2*g - 12. Let t be 2*(0 + 3/(-2)). What is the units digit of 11 + c + (-3)/t?
5
Suppose -3*r + 77 = -g, -5*r + 115 = 2*g + 3*g. Let f = 14 + r. What is the units digit of f?
9
Suppose 30*b = 23*b + 4942. What is the hundreds digit of b?
7
Let d = 258 + -196. What is the tens digit of d?
6
Let l = -497 - -698. What is the hundreds digit of l?
2
Let a = 52 - 50. What is the tens digit of (-1284)/(-8) + (-1)/a?
6
Suppose -362 = -5*g + 18. Let m = -21 + g. What is the units digit of m?
5
Let o = -17 - -12. What is the units digit of (4 + 174/(-15))*o?
8
Suppose -10396 - 25250 = -13*w. What is the thousands digit of w?
2
Let u be (-18)/(-4)*-4*(-4)/12. Suppose u*j + 53 = 317. What is the tens digit of j?
4
Let p = -38 - -41. Suppose -2*i - 4*k = -p*k - 375, -i = k - 188. What is the hundreds digit of i?
1
Let f(b) = -b**3 + 3*b**2 + 10*b + 24. Let r be f(-8). Suppose 0 = 7*v - 4*v - r. What is the hundreds digit of v?
2
What is the tens digit of (8712/(-45))/((-8)/80)?
3
What is the units digit of -145 - -143 - (0 + -3357)?
5
Let u = 5779 + -3779. What is the hundreds digit of u?
0
Let a(p) = p**3 - p**2 + 2*p - 5. Let i be a(2). Suppose -v - i*y = -5*y - 76, 0 = 5*v - y - 398. What is the units digit of v?
0
What is the hundreds digit of (-3 + -12)*-292 - 8/1?
3
Let n(y) = -y**3 - 7*y**2 + 3*y + 9. Let m be n(-6). Let f = 69 + m. What is the tens digit of f?
2
What is the tens digit of (125 - 92)*2*1?
6
Let a = 680 - 195. What is the hundreds digit of a?
4
Let b = -9 - -16. Suppose 0 = w - b*w + 204. What is the tens digit of w?
3
Let p(v) = -2*v**2 - 4*v**2 + 5*v**2 + 10*v + 18 + 2*v**2. Let k be p(-8). What is the units digit of (-28)/(-2 - k)*4?
8
Let q(m) be the second derivative of m**4/6 - m**3 - 7*m**2 + 2*m. Let o = -115 - -122. What is the units digit of q(o)?
2
Let j = 1392 + -944. What is the tens digit of j?
4
Let k(q) be the first derivative of 2*q**2 + 2*q + 1/4*q**4 + 1 + 7/3*q**3. What is the units digit of k(-6)?
4
Let x(d) = 1195*d - 1161*d + d**2 - 5*d**2 + 5. What is the tens digit of x(8)?
2
Suppose -4*s + 166 = 2*d - 0*d, -2*s + 2*d = -92. Let o = -10 + s. Let v = 68 - o. What is the tens digit of v?
3
Let j be 1309/85 - (-6)/10. What is the units digit of j/(-24)*141/(-2)?
7
Suppose 0 = q - v - 1269, -11*q + 9*q = 5*v - 2524. What is the hundreds digit of q?
2
Suppose -3*i = 5*u - 139, -4*i + 0*i + 162 = 2*u. Let t = -31 + i. Suppose 288 = -3*o + t*o. What is the tens digit of o?
7
Let g(a) = -4*a**3 - 3*a**2 - a. Let c(o) = o**3 - o**2 - o + 1. Let r be (15/(-25))/(2/10). Let x(h) = r*c(h) - g(h). What is the tens digit of x(-4)?
1
Let o(c) = c**3 - 2*c**2 + 2*c - 1. Let w be o(3). What is the units digit of w/3 + (-84)/(-63)?
6
Let v(l) = l**3 + 4*l**2 - 5*l + 5. Suppose x + 15 = -2*x. Let k be v(x). Suppose 4 = k*q - 4*q. What is the units digit of q?
4
Suppose 125*y = 109*y + 8176. What is the hundreds digit of y?
5
Let a(j) = -524*j**2 - j. Let x be a(1). What is the tens digit of x/(-42)*18/5?
4
Suppose 0 = -3*i - 5*x + 38, -4*i = 4*x - 52 + 12. Suppose 3*g = -4*n + 651, i = 3*n + 15. What is the units digit of g?
1
Let g = 391 + -334. What is the tens digit of g?
5
Let i = 383 - 169. What is the units digit of i?
4
Let h(p) = 12*p + 72. Let u = -25 + 32. What is the tens digit of h(u)?
5
Suppose -2 = -5*z + 3*z. Let y be 24/2 + (-3)/z. Suppose y*x - 13*x + 240 = 0. What is the tens digit of x?
6
Let o(x) = 15*x**2 + x. Suppose -5*y + 1 = -4*y. Let n be o(y). Let t = n - 12. What is the units digit of t?
4
Let z(i) = 6*i**2 - 5. Let q(l) = -3*l**3 + l**2 - 1. Let x be q(1). Let j be z(x). Suppose 4*c + j = 261. What is the tens digit of c?
5
Let o = 129 + 6. What is the tens digit of o?
3
Let k = 7 - -11. Suppose 0 = k*y - 2783 - 2635. What is the units digit of y?
1
What is the hundreds digit of 6/(-45)*3*3*-85?
1
Suppose 4*s = 3*g - 461, 0*g - 308 = -2*g + 2*s. Let v = -31 + g. What is the units digit of v?
4
Let a = -219 + 389. What is the hundreds digit of a?
1
Suppose 0 = -2*c + 2*w + 1155 + 1133, 3*c + 3*w = 3438. What is the hundreds digit of c?
1
Let j be 8 - (4 + 3 - 3). Suppose 5*m = r + 3*m - 55, m - 256 = -j*r. What is the units digit of r?
3
Let x(u) = 1741*u**2 + 3*u + 4. What is the tens digit of x(-1)?
4
Suppose -4*u = -6*u - 18. Let x = 8 + u. Let c(v) = 7*v**2 - 2*v - 1. What is the units digit of c(x)?
8
Let g = -39 + 9. Let d = 138 + g. Suppose 144 = 4*x - d. What is the units digit of x?
3
What is the thousands digit of (-75605)/(-20) - 45/36?
3
Let d = -46 - -111. Let w = d - 49. What is the units digit of w?
6
Let k = 2559 - 1039. What is the tens digit of k?
2
Suppose 0 = u - 2 - 0. Suppose 16 - 40 = -u*v. Let x = 35 - v. What is the tens digit of x?
2
Suppose 5*s - 110 = -3*l + l, 57 = l + 3*s. What is the units digit of ((-282)/5)/(l/(-150))?
8
Let l(q) = -2*q + 99. What is the hundreds digit of l(-23)?
1
Let z = -188 + 787. What is the tens digit of z?
9
Let w = 18 + 33. Suppose 3*z - w = 105. Suppose 0 = -2*u - u + 5*p + 78, -2*u + p = -z. What is the tens digit of u?
2
Let i be 4 - (12 + (4 - 3)). What is the tens digit of 52*(9/(-4))/i?
1
Let j(m) be the third derivative of m**6/120 + m**5/10 + m**4/6 + m**3/6 + 6*m**2. Let b be j(-4). Let r = 20 - b. What is the units digit of r?
3
Let g = 23 - -7. Let x be (g/9 + -2)*9. Suppose -d + 32 = x. What is the units digit of d?
0
Let h = 1040 + -417. What is the hundreds digit of h?
6
Suppose -5*v = 5*y - 30, 5*y + v = -0*v + 26. Suppose -y*q + 527 - 132 = 0. What is the tens digit of q?
7
Let t(r) = r**2 - 9*r - 5. Let p be t(10). Let w be 10*(3 - (-3 + p)). Suppose -24 = -5*b + 3*x, x - w = -b - x. What is the units digit of b?
6
Let o = 22 + -19. Suppose 0*u = 3*s + 2*u - 173, -5*s - o*u + 287 = 0. What is the units digit of s?
5
What is the units digit of 22